{"id":715,"date":"2021-07-05T21:26:07","date_gmt":"2021-07-05T19:26:07","guid":{"rendered":"https:\/\/realreason.de\/?page_id=715"},"modified":"2023-07-19T16:03:44","modified_gmt":"2023-07-19T14:03:44","slug":"rethink-your-brand","status":"publish","type":"page","link":"https:\/\/realreason.de\/de_de\/rethink-your-brand\/","title":{"rendered":"realreason contact whatever rocks your brand"},"content":{"rendered":"<p>[et_pb_section fb_built=&#8220;1&#8243; _builder_version=&#8220;4.16&#8243; custom_padding=&#8220;110px||110px|&#8220; global_colors_info=&#8220;{}&#8220;][et_pb_row column_structure=&#8220;1_2,1_2&#8243; _builder_version=&#8220;4.16&#8243; global_colors_info=&#8220;{}&#8220;][et_pb_column type=&#8220;1_2&#8243; _builder_version=&#8220;4.16&#8243; custom_padding=&#8220;|||&#8220; global_colors_info=&#8220;{}&#8220; custom_padding__hover=&#8220;|||&#8220;][et_pb_text admin_label=&#8220;Title&#8220; _builder_version=&#8220;4.21.0&#8243; text_font=&#8220;||||&#8220; text_text_color=&#8220;#1a1a1a&#8220; header_font=&#8220;|700||on|||||&#8220; header_text_align=&#8220;left&#8220; header_font_size=&#8220;38px&#8220; header_line_height=&#8220;1.3em&#8220; max_width=&#8220;450px&#8220; custom_margin=&#8220;|||&#8220; custom_padding=&#8220;|||&#8220; animation_style=&#8220;slide&#8220; animation_direction=&#8220;top&#8220; animation_intensity_slide=&#8220;10%&#8220; hover_enabled=&#8220;0&#8243; locked=&#8220;off&#8220; global_colors_info=&#8220;{}&#8220; sticky_enabled=&#8220;0&#8243;]<\/p>\n<h1>contact us and we&#8217;ll do whatever rocks your brand<\/h1>\n<p>[\/et_pb_text][et_pb_divider color=&#8220;#0C71C3&#8243; divider_position=&#8220;center&#8220; divider_weight=&#8220;3px&#8220; disabled_on=&#8220;on|on|off%22&#8243; _builder_version=&#8220;4.21.0&#8243; max_width=&#8220;150px&#8220; height=&#8220;false&#8220; custom_margin=&#8220;30px|||&#8220; animation_style=&#8220;slide&#8220; animation_direction=&#8220;top&#8220; animation_delay=&#8220;100ms&#8220; animation_intensity_slide=&#8220;10%&#8220; locked=&#8220;off&#8220; global_colors_info=&#8220;{}&#8220;][\/et_pb_divider][et_pb_text admin_label=&#8220;Sub Title&#8220; _builder_version=&#8220;4.21.0&#8243; text_font=&#8220;Roboto||||&#8220; text_text_color=&#8220;#1a1a1a&#8220; text_font_size=&#8220;24px&#8220; text_line_height=&#8220;1.4em&#8220; background_size=&#8220;initial&#8220; background_position=&#8220;top_left&#8220; background_repeat=&#8220;repeat&#8220; max_width=&#8220;450px&#8220; custom_padding=&#8220;30px|||&#8220; animation_style=&#8220;slide&#8220; animation_direction=&#8220;top&#8220; animation_delay=&#8220;200ms&#8220; animation_intensity_slide=&#8220;10%&#8220; locked=&#8220;off&#8220; global_colors_info=&#8220;{}&#8220;]<\/p>\n<h1>+49 (0)9181 265 135 \u2013 0<\/h1>\n<h1><a href=\"mailto:rethink@realreason.de\">rethink@realreason.de<\/a><\/h1>\n<p>[\/et_pb_text][et_pb_text _builder_version=&#8220;4.21.0&#8243; text_font=&#8220;Roboto||||&#8220; text_font_size=&#8220;16px&#8220; text_line_height=&#8220;1.9em&#8220; background_size=&#8220;initial&#8220; background_position=&#8220;top_left&#8220; background_repeat=&#8220;repeat&#8220; max_width=&#8220;1003px&#8220; custom_margin=&#8220;60|||&#8220; custom_padding=&#8220;||60px|&#8220; animation_style=&#8220;slide&#8220; animation_direction=&#8220;top&#8220; animation_delay=&#8220;400ms&#8220; animation_intensity_slide=&#8220;4%&#8220; hover_enabled=&#8220;0&#8243; locked=&#8220;off&#8220; global_colors_info=&#8220;{}&#8220; sticky_enabled=&#8220;0&#8243;]<\/p>\n<p>Gerne w\u00fcrden wir euch begegnen und die Marke kennenlernen. Auch wenn ihr noch keine konkrete Frage habt, sind wir f\u00fcr einen ersten Austausch da.<\/p>\n<p>Zuhause sind wir im Raum N\u00fcrnberg\/Regensburg. Unsere Projekte sind deutschlandweit verteilt. International sind wir in deutsch- und englischsprachigen L\u00e4ndern t\u00e4tig.<\/p>\n<p>[\/et_pb_text][\/et_pb_column][et_pb_column type=&#8220;1_2&#8243; _builder_version=&#8220;4.16&#8243; custom_padding=&#8220;|||&#8220; global_colors_info=&#8220;{}&#8220; custom_padding__hover=&#8220;|||&#8220;][et_pb_image src=&#8220;https:\/\/realreason.de\/wp-content\/uploads\/2023\/07\/rock-your-boat-brand-AdobeStock_386367578-scaled.jpeg&#8220; title_text=&#8220;Aerial drone ultra wide panoramic photo with copy space of beautiful sailboat with white sails cruising deep blue sea near Mediterranean destination port&#8220; force_fullwidth=&#8220;on&#8220; align_tablet=&#8220;center&#8220; align_phone=&#8220;center&#8220; align_last_edited=&#8220;on|desktop&#8220; _builder_version=&#8220;4.21.0&#8243; custom_margin=&#8220;|||&#8220; animation_style=&#8220;slide&#8220; animation_direction=&#8220;%22fade_in%22&#8243; animation_duration=&#8220;500ms&#8220; animation_intensity_slide=&#8220;10%&#8220; animation=&#8220;fade_in&#8220; global_colors_info=&#8220;{}&#8220;][\/et_pb_image][\/et_pb_column][\/et_pb_row][\/et_pb_section]<\/p>\n","protected":false},"excerpt":{"rendered":"<p>contact us and we&#8217;ll do whatever rocks your brand+49 (0)9181 265 135 \u2013 0 rethink@realreason.deGerne w\u00fcrden wir euch begegnen und die Marke kennenlernen. Auch wenn ihr noch keine konkrete Frage habt, sind wir f\u00fcr einen ersten Austausch da. Zuhause sind wir im Raum N\u00fcrnberg\/Regensburg. Unsere Projekte sind deutschlandweit verteilt. International sind wir in deutsch- und [&hellip;]<\/p>\n","protected":false},"author":1,"featured_media":0,"parent":0,"menu_order":0,"comment_status":"closed","ping_status":"closed","template":"","meta":{"_et_pb_use_builder":"on","_et_pb_old_content":"","_et_gb_content_width":"","footnotes":""},"class_list":["post-715","page","type-page","status-publish","hentry"],"yoast_head":"<!-- This site is optimized with the Yoast SEO plugin v27.5 - https:\/\/yoast.com\/product\/yoast-seo-wordpress\/ -->\n<title>realreason contact whatever rocks your brand - REAL REASON<\/title>\n<meta name=\"robots\" content=\"index, follow, max-snippet:-1, max-image-preview:large, max-video-preview:-1\" \/>\n<link rel=\"canonical\" href=\"https:\/\/realreason.de\/de_de\/rethink-your-brand\/\" \/>\n<meta property=\"og:locale\" content=\"de_DE\" \/>\n<meta property=\"og:type\" content=\"article\" \/>\n<meta property=\"og:title\" content=\"realreason contact whatever rocks your brand - REAL REASON\" \/>\n<meta property=\"og:description\" content=\"contact us and we&#039;ll do whatever rocks your brand+49 (0)9181 265 135 \u2013 0 rethink@realreason.deGerne w\u00fcrden wir euch begegnen und die Marke kennenlernen. Auch wenn ihr noch keine konkrete Frage habt, sind wir f\u00fcr einen ersten Austausch da. Zuhause sind wir im Raum N\u00fcrnberg\/Regensburg. Unsere Projekte sind deutschlandweit verteilt. International sind wir in deutsch- und [&hellip;]\" \/>\n<meta property=\"og:url\" content=\"https:\/\/realreason.de\/de_de\/rethink-your-brand\/\" \/>\n<meta property=\"og:site_name\" content=\"REAL REASON\" \/>\n<meta property=\"article:modified_time\" content=\"2023-07-19T14:03:44+00:00\" \/>\n<meta name=\"twitter:card\" content=\"summary_large_image\" \/>\n<script type=\"application\/ld+json\" class=\"yoast-schema-graph\">{\"@context\":\"https:\\\/\\\/schema.org\",\"@graph\":[{\"@type\":\"WebPage\",\"@id\":\"https:\\\/\\\/realreason.de\\\/rethink-your-brand\\\/\",\"url\":\"https:\\\/\\\/realreason.de\\\/rethink-your-brand\\\/\",\"name\":\"realreason contact whatever rocks your brand - REAL REASON\",\"isPartOf\":{\"@id\":\"https:\\\/\\\/realreason.de\\\/#website\"},\"datePublished\":\"2021-07-05T19:26:07+00:00\",\"dateModified\":\"2023-07-19T14:03:44+00:00\",\"breadcrumb\":{\"@id\":\"https:\\\/\\\/realreason.de\\\/rethink-your-brand\\\/#breadcrumb\"},\"inLanguage\":\"de\",\"potentialAction\":[{\"@type\":\"ReadAction\",\"target\":[\"https:\\\/\\\/realreason.de\\\/rethink-your-brand\\\/\"]}]},{\"@type\":\"BreadcrumbList\",\"@id\":\"https:\\\/\\\/realreason.de\\\/rethink-your-brand\\\/#breadcrumb\",\"itemListElement\":[{\"@type\":\"ListItem\",\"position\":1,\"name\":\"Home\",\"item\":\"https:\\\/\\\/realreason.de\\\/de_de\\\/\"},{\"@type\":\"ListItem\",\"position\":2,\"name\":\"realreason contact whatever rocks your brand\"}]},{\"@type\":\"WebSite\",\"@id\":\"https:\\\/\\\/realreason.de\\\/#website\",\"url\":\"https:\\\/\\\/realreason.de\\\/\",\"name\":\"REAL REASON\",\"description\":\"Markenpositionierung Marktforschung Markenaufbau Marke Marken Psychologie\",\"potentialAction\":[{\"@type\":\"SearchAction\",\"target\":{\"@type\":\"EntryPoint\",\"urlTemplate\":\"https:\\\/\\\/realreason.de\\\/?s={search_term_string}\"},\"query-input\":{\"@type\":\"PropertyValueSpecification\",\"valueRequired\":true,\"valueName\":\"search_term_string\"}}],\"inLanguage\":\"de\"}]}<\/script>\n<!-- \/ Yoast SEO plugin. -->","yoast_head_json":{"title":"realreason contact whatever rocks your brand - REAL REASON","robots":{"index":"index","follow":"follow","max-snippet":"max-snippet:-1","max-image-preview":"max-image-preview:large","max-video-preview":"max-video-preview:-1"},"canonical":"https:\/\/realreason.de\/de_de\/rethink-your-brand\/","og_locale":"de_DE","og_type":"article","og_title":"realreason contact whatever rocks your brand - REAL REASON","og_description":"contact us and we'll do whatever rocks your brand+49 (0)9181 265 135 \u2013 0 rethink@realreason.deGerne w\u00fcrden wir euch begegnen und die Marke kennenlernen. Auch wenn ihr noch keine konkrete Frage habt, sind wir f\u00fcr einen ersten Austausch da. Zuhause sind wir im Raum N\u00fcrnberg\/Regensburg. Unsere Projekte sind deutschlandweit verteilt. International sind wir in deutsch- und [&hellip;]","og_url":"https:\/\/realreason.de\/de_de\/rethink-your-brand\/","og_site_name":"REAL REASON","article_modified_time":"2023-07-19T14:03:44+00:00","twitter_card":"summary_large_image","schema":{"@context":"https:\/\/schema.org","@graph":[{"@type":"WebPage","@id":"https:\/\/realreason.de\/rethink-your-brand\/","url":"https:\/\/realreason.de\/rethink-your-brand\/","name":"realreason contact whatever rocks your brand - REAL REASON","isPartOf":{"@id":"https:\/\/realreason.de\/#website"},"datePublished":"2021-07-05T19:26:07+00:00","dateModified":"2023-07-19T14:03:44+00:00","breadcrumb":{"@id":"https:\/\/realreason.de\/rethink-your-brand\/#breadcrumb"},"inLanguage":"de","potentialAction":[{"@type":"ReadAction","target":["https:\/\/realreason.de\/rethink-your-brand\/"]}]},{"@type":"BreadcrumbList","@id":"https:\/\/realreason.de\/rethink-your-brand\/#breadcrumb","itemListElement":[{"@type":"ListItem","position":1,"name":"Home","item":"https:\/\/realreason.de\/de_de\/"},{"@type":"ListItem","position":2,"name":"realreason contact whatever rocks your brand"}]},{"@type":"WebSite","@id":"https:\/\/realreason.de\/#website","url":"https:\/\/realreason.de\/","name":"REAL REASON","description":"Markenpositionierung Marktforschung Markenaufbau Marke Marken Psychologie","potentialAction":[{"@type":"SearchAction","target":{"@type":"EntryPoint","urlTemplate":"https:\/\/realreason.de\/?s={search_term_string}"},"query-input":{"@type":"PropertyValueSpecification","valueRequired":true,"valueName":"search_term_string"}}],"inLanguage":"de"}]}},"jetpack_sharing_enabled":true,"_links":{"self":[{"href":"https:\/\/realreason.de\/de_de\/wp-json\/wp\/v2\/pages\/715","targetHints":{"allow":["GET"]}}],"collection":[{"href":"https:\/\/realreason.de\/de_de\/wp-json\/wp\/v2\/pages"}],"about":[{"href":"https:\/\/realreason.de\/de_de\/wp-json\/wp\/v2\/types\/page"}],"author":[{"embeddable":true,"href":"https:\/\/realreason.de\/de_de\/wp-json\/wp\/v2\/users\/1"}],"replies":[{"embeddable":true,"href":"https:\/\/realreason.de\/de_de\/wp-json\/wp\/v2\/comments?post=715"}],"version-history":[{"count":10,"href":"https:\/\/realreason.de\/de_de\/wp-json\/wp\/v2\/pages\/715\/revisions"}],"predecessor-version":[{"id":243539,"href":"https:\/\/realreason.de\/de_de\/wp-json\/wp\/v2\/pages\/715\/revisions\/243539"}],"wp:attachment":[{"href":"https:\/\/realreason.de\/de_de\/wp-json\/wp\/v2\/media?parent=715"}],"curies":[{"name":"wp","href":"https:\/\/api.w.org\/{rel}","templated":true}]}}

<p>[et_pb_section fb_built=&#8220;1&#8243; _builder_version=&#8220;4.16&#8243; custom_padding=&#8220;110px||110px|&#8220; global_colors_info=&#8220;{}&#8220;][et_pb_row column_structure=&#8220;1_2,1_2&#8243; _builder_version=&#8220;4.16&#8243; global_colors_info=&#8220;{}&#8220;][et_pb_column type=&#8220;1_2&#8243; _builder_version=&#8220;4.16&#8243; custom_padding=&#8220;|||&#8220; global_colors_info=&#8220;{}&#8220; custom_padding__hover=&#8220;|||&#8220;][et_pb_text admin_label=&#8220;Title&#8220; _builder_version=&#8220;4.21.0&#8243; text_font=&#8220;||||&#8220; text_text_color=&#8220;#1a1a1a&#8220; header_font=&#8220;|700||on|||||&#8220; header_text_align=&#8220;left&#8220; header_font_size=&#8220;38px&#8220; header_line_height=&#8220;1.3em&#8220; max_width=&#8220;450px&#8220; custom_margin=&#8220;|||&#8220; custom_padding=&#8220;|||&#8220; animation_style=&#8220;slide&#8220; animation_direction=&#8220;top&#8220; animation_intensity_slide=&#8220;10%&#8220; hover_enabled=&#8220;0&#8243; locked=&#8220;off&#8220; global_colors_info=&#8220;{}&#8220; sticky_enabled=&#8220;0&#8243;]</p>
<h1>contact us and we&#8217;ll do whatever rocks your brand</h1>
<p>[/et_pb_text][et_pb_divider color=&#8220;#0C71C3&#8243; divider_position=&#8220;center&#8220; divider_weight=&#8220;3px&#8220; disabled_on=&#8220;on|on|off%22&#8243; _builder_version=&#8220;4.21.0&#8243; max_width=&#8220;150px&#8220; height=&#8220;false&#8220; custom_margin=&#8220;30px|||&#8220; animation_style=&#8220;slide&#8220; animation_direction=&#8220;top&#8220; animation_delay=&#8220;100ms&#8220; animation_intensity_slide=&#8220;10%&#8220; locked=&#8220;off&#8220; global_colors_info=&#8220;{}&#8220;][/et_pb_divider][et_pb_text admin_label=&#8220;Sub Title&#8220; _builder_version=&#8220;4.21.0&#8243; text_font=&#8220;Roboto||||&#8220; text_text_color=&#8220;#1a1a1a&#8220; text_font_size=&#8220;24px&#8220; text_line_height=&#8220;1.4em&#8220; background_size=&#8220;initial&#8220; background_position=&#8220;top_left&#8220; background_repeat=&#8220;repeat&#8220; max_width=&#8220;450px&#8220; custom_padding=&#8220;30px|||&#8220; animation_style=&#8220;slide&#8220; animation_direction=&#8220;top&#8220; animation_delay=&#8220;200ms&#8220; animation_intensity_slide=&#8220;10%&#8220; locked=&#8220;off&#8220; global_colors_info=&#8220;{}&#8220;]</p>
<h1>+49 (0)9181 265 135 – 0</h1>
<h1><a href="mailto:rethink@realreason.de">rethink@realreason.de</a></h1>
<p>[/et_pb_text][et_pb_text _builder_version=&#8220;4.21.0&#8243; text_font=&#8220;Roboto||||&#8220; text_font_size=&#8220;16px&#8220; text_line_height=&#8220;1.9em&#8220; background_size=&#8220;initial&#8220; background_position=&#8220;top_left&#8220; background_repeat=&#8220;repeat&#8220; max_width=&#8220;1003px&#8220; custom_margin=&#8220;60|||&#8220; custom_padding=&#8220;||60px|&#8220; animation_style=&#8220;slide&#8220; animation_direction=&#8220;top&#8220; animation_delay=&#8220;400ms&#8220; animation_intensity_slide=&#8220;4%&#8220; hover_enabled=&#8220;0&#8243; locked=&#8220;off&#8220; global_colors_info=&#8220;{}&#8220; sticky_enabled=&#8220;0&#8243;]</p>
<p>Gerne würden wir euch begegnen und die Marke kennenlernen. Auch wenn ihr noch keine konkrete Frage habt, sind wir für einen ersten Austausch da.</p>
<p>Zuhause sind wir im Raum Nürnberg/Regensburg. Unsere Projekte sind deutschlandweit verteilt. International sind wir in deutsch- und englischsprachigen Ländern tätig.</p>
<p>[/et_pb_text][/et_pb_column][et_pb_column type=&#8220;1_2&#8243; _builder_version=&#8220;4.16&#8243; custom_padding=&#8220;|||&#8220; global_colors_info=&#8220;{}&#8220; custom_padding__hover=&#8220;|||&#8220;][et_pb_image src=&#8220;https://realreason.de/wp-content/uploads/2023/07/rock-your-boat-brand-AdobeStock_386367578-scaled.jpeg&#8220; title_text=&#8220;Aerial drone ultra wide panoramic photo with copy space of beautiful sailboat with white sails cruising deep blue sea near Mediterranean destination port&#8220; force_fullwidth=&#8220;on&#8220; align_tablet=&#8220;center&#8220; align_phone=&#8220;center&#8220; align_last_edited=&#8220;on|desktop&#8220; _builder_version=&#8220;4.21.0&#8243; custom_margin=&#8220;|||&#8220; animation_style=&#8220;slide&#8220; animation_direction=&#8220;%22fade_in%22&#8243; animation_duration=&#8220;500ms&#8220; animation_intensity_slide=&#8220;10%&#8220; animation=&#8220;fade_in&#8220; global_colors_info=&#8220;{}&#8220;][/et_pb_image][/et_pb_column][/et_pb_row][/et_pb_section]</p>

<p>contact us and we&#8217;ll do whatever rocks your brand+49 (0)9181 265 135 – 0 rethink@realreason.deGerne würden wir euch begegnen und die Marke kennenlernen. Auch wenn ihr noch keine konkrete Frage habt, sind wir für einen ersten Austausch da. Zuhause sind wir im Raum Nürnberg/Regensburg. Unsere Projekte sind deutschlandweit verteilt. International sind wir in deutsch- und [&hellip;]</p>

<!-- This site is optimized with the Yoast SEO plugin v27.5 - https://yoast.com/product/yoast-seo-wordpress/ -->
<title>realreason contact whatever rocks your brand - REAL REASON</title>
<meta name="robots" content="index, follow, max-snippet:-1, max-image-preview:large, max-video-preview:-1" />
<link rel="canonical" href="https://realreason.de/de_de/rethink-your-brand/" />
<meta property="og:locale" content="de_DE" />
<meta property="og:type" content="article" />
<meta property="og:title" content="realreason contact whatever rocks your brand - REAL REASON" />
<meta property="og:description" content="contact us and we&#039;ll do whatever rocks your brand+49 (0)9181 265 135 – 0 rethink@realreason.deGerne würden wir euch begegnen und die Marke kennenlernen. Auch wenn ihr noch keine konkrete Frage habt, sind wir für einen ersten Austausch da. Zuhause sind wir im Raum Nürnberg/Regensburg. Unsere Projekte sind deutschlandweit verteilt. International sind wir in deutsch- und [&hellip;]" />
<meta property="og:url" content="https://realreason.de/de_de/rethink-your-brand/" />
<meta property="og:site_name" content="REAL REASON" />
<meta property="article:modified_time" content="2023-07-19T14:03:44+00:00" />
<meta name="twitter:card" content="summary_large_image" />
<script type="application/ld+json" class="yoast-schema-graph">{"@context":"https:\/\/schema.org","@graph":[{"@type":"WebPage","@id":"https:\/\/realreason.de\/rethink-your-brand\/","url":"https:\/\/realreason.de\/rethink-your-brand\/","name":"realreason contact whatever rocks your brand - REAL REASON","isPartOf":{"@id":"https:\/\/realreason.de\/#website"},"datePublished":"2021-07-05T19:26:07+00:00","dateModified":"2023-07-19T14:03:44+00:00","breadcrumb":{"@id":"https:\/\/realreason.de\/rethink-your-brand\/#breadcrumb"},"inLanguage":"de","potentialAction":[{"@type":"ReadAction","target":["https:\/\/realreason.de\/rethink-your-brand\/"]}]},{"@type":"BreadcrumbList","@id":"https:\/\/realreason.de\/rethink-your-brand\/#breadcrumb","itemListElement":[{"@type":"ListItem","position":1,"name":"Home","item":"https:\/\/realreason.de\/de_de\/"},{"@type":"ListItem","position":2,"name":"realreason contact whatever rocks your brand"}]},{"@type":"WebSite","@id":"https:\/\/realreason.de\/#website","url":"https:\/\/realreason.de\/","name":"REAL REASON","description":"Markenpositionierung Marktforschung Markenaufbau Marke Marken Psychologie","potentialAction":[{"@type":"SearchAction","target":{"@type":"EntryPoint","urlTemplate":"https:\/\/realreason.de\/?s={search_term_string}"},"query-input":{"@type":"PropertyValueSpecification","valueRequired":true,"valueName":"search_term_string"}}],"inLanguage":"de"}]}</script>
<!-- / Yoast SEO plugin. -->

contact us and we'll do whatever rocks your brand+49 (0)9181 265 135 – 0 rethink@realreason.deGerne würden wir euch begegnen und die Marke kennenlernen. Auch wenn ihr noch keine konkrete Frage habt, sind wir für einen ersten Austausch da. Zuhause sind wir im Raum Nürnberg/Regensburg. Unsere Projekte sind deutschlandweit verteilt. International sind wir in deutsch- und [&hellip;]
